{"id":74,"date":"2020-10-01T11:27:07","date_gmt":"2020-10-01T09:27:07","guid":{"rendered":"http:\/\/muck-truck.pl\/index.php\/mini-wywrotka-4wd\/"},"modified":"2025-03-18T08:26:23","modified_gmt":"2025-03-18T07:26:23","slug":"power-barrow-4wd-ii","status":"publish","type":"page","link":"https:\/\/muck-truck.pl\/index.php\/power-barrow-4wd-ii\/","title":{"rendered":"Power Barrow 4WD II"},"content":{"rendered":"\n    \n    <section class=\"u-clearfix u-custom-color-6 u-section-2\" id=\"sec-510b\">\n      <div class=\"u-clearfix u-sheet u-sheet-1\">\n        <h1 class=\"u-heading-font u-text u-text-palette-5-base u-title u-text-1\">pOWER BARROW 4WD ii&nbsp; 365 KG SKRZYNIA \u0141ADUNKOWA\/\u0141Y\u017bKA&nbsp;<\/h1>\n        <h2 class=\"u-heading-font u-subtitle u-text u-text-white u-text-2\">Zasilana akumulatorowo<\/h2>\n      <\/div>\n    <\/section>\n    <section class=\"u-clearfix u-section-3\" id=\"sec-be8c\">\n      <div class=\"u-clearfix u-sheet u-valign-middle u-sheet-1\">\n        <div class=\"data-layout-selected u-clearfix u-expanded-width u-layout-wrap u-layout-wrap-1\">\n          <div class=\"u-layout\">\n            <div class=\"u-layout-row\">\n              <div class=\"u-container-style u-layout-cell u-left-cell u-size-25 u-layout-cell-1\">\n                <div class=\"u-container-layout u-container-layout-1\">\n                  <h3 class=\"u-text u-text-palette-5-base u-text-1\">Opis<\/h3>\n                  <p class=\"u-text u-text-2\">Nowy elektryczny Power Barrow 4WD II to najnowszy wynalazek Muck-Truck, kt\u00f3ry cechuje si\u0119 nap\u0119dem na cztery ko\u0142a, co czyni j\u0105 \u0142atw\u0105 w manewrowaniu, za\u015b miska przechyla si\u0119 automatycznie dotkni\u0119ciem przycisku. <br>\n                    <br>Ta nowa cecha zmniejsza wysi\u0142ek fizyczny i bezpiecze\u0144stwo pracownika. <br>\n                    <br>Mo\u017ce przewozi\u0107 365 kg 225 l i wznosi\u0107 si\u0119 z \u0142atwo\u015bci\u0105 na zbocze. Mini-wywrotka z nap\u0119dem ma dodatkowe miejsce, by pomie\u015bci\u0107 dwa dodatkowe akumulatory podwajaj\u0105c czas pracy. \n                  <\/p>\n                  <a href=\"#\" class=\"u-active-palette-2-base u-border-radius-0 u-btn u-btn-rectangle u-button-style u-hover-custom-color-4 u-palette-2-base u-btn-1\">Pobierz Instrukcj\u0119<\/a>\n                <\/div>\n              <\/div>\n              <div class=\"u-align-left u-container-align-left u-container-style u-layout-cell u-size-20 u-layout-cell-2\">\n                <div class=\"u-container-layout u-valign-bottom-xl u-valign-middle-lg u-valign-middle-md u-valign-middle-sm u-valign-middle-xs u-container-layout-2\">\n                  <img decoding=\"async\" class=\"u-expanded-width u-image u-image-contain u-image-default u-image-1\" src=\"https:\/\/muck-truck.pl\/wp-content\/uploads\/2025\/03\/PB4WD-II-Side_298cd179dd39b053bc274b01f2569d63-1.png\" alt=\"\" data-image-width=\"800\" data-image-height=\"600\">\n                <\/div>\n              <\/div>\n              <div class=\"u-container-style u-layout-cell u-palette-5-base u-right-cell u-size-15 u-layout-cell-3\">\n                <div class=\"u-container-layout u-valign-middle u-container-layout-3\">\n                  <p class=\"u-text u-text-3\">Elektryczny przechy\u0142 u\u0142atwia opr\u00f3\u017cnianie wywrotki\/miski przez naci\u015bni\u0119cie przycisku<\/p>\n                  <div class=\"u-border-1 u-border-white u-expanded-width u-line u-line-horizontal u-line-1\"><\/div>\n                  <p class=\"u-text u-text-4\">Kierowanie jest kontrolowane przez przedni koniec manetki, co u\u0142atwia w znacznym stopniu manewrowanie<\/p>\n                  <div class=\"u-border-1 u-border-white u-expanded-width u-line u-line-horizontal u-line-2\"><\/div>\n                  <p class=\"u-text u-text-5\">Dwie osie nap\u0119dowe dzia\u0142aj\u0105ce bezpo\u015brednio na ko\u0142a (brak po\u0142\u0105cze\u0144 i \u0142a\u0144cuch\u00f3w)<\/p>\n                  <div class=\"u-border-1 u-border-white u-expanded-width u-line u-line-horizontal u-line-3\"><\/div>\n                  <p class=\"u-text u-text-6\">Wi\u0119ksza \u0142adowno\u015b\u0107, gdy\u017c jest to mini-wywrotka o obj\u0119to\u015bci 225 l oraz 365 kg ud\u017awigu<\/p>\n                <\/div>\n              <\/div>\n            <\/div>\n          <\/div>\n        <\/div>\n      <\/div>\n    <\/section>\n    <section class=\"u-clearfix u-section-4\" id=\"sec-a3ce\">\n      <div class=\"u-clearfix u-sheet u-valign-middle u-sheet-1\">\n        <h3 class=\"u-text u-text-1\">Specyfikacja<\/h3>\n      <\/div>\n    <\/section>\n    <section class=\"u-clearfix u-section-5\" id=\"sec-82a2\">\n      <div class=\"u-clearfix u-sheet u-sheet-1\">\n        <div class=\"data-layout-selected u-clearfix u-expanded-width u-layout-wrap u-layout-wrap-1\">\n          <div class=\"u-layout\">\n            <div class=\"u-layout-row\">\n              <div class=\"u-container-style u-layout-cell u-left-cell u-size-37 u-layout-cell-1\">\n                <div class=\"u-container-layout u-valign-top u-container-layout-1\">\n                  <div class=\"u-expanded-width u-table u-table-responsive u-table-1\">\n                    <table class=\"u-table-entity\">\n                      <colgroup>\n                        <col width=\"39.8%\">\n                        <col width=\"60.2%\">\n                      <\/colgroup>\n                      <tbody class=\"u-align-right u-table-body u-table-body-1\">\n                        <tr style=\"height: 43px;\">\n                          <td class=\"u-align-right u-table-cell u-table-cell-1\">Model:<\/td>\n                          <td class=\"u-align-left u-table-cell\">Power Barrow 4WD II<\/td>\n                        <\/tr>\n                        <tr style=\"height: 43px;\">\n                          <td class=\"u-align-right u-table-cell u-table-cell-3\">Silnik:<\/td>\n                          <td class=\"u-align-left u-table-cell\">Akumulator 24 V\/1800W<\/td>\n                        <\/tr>\n                        <tr style=\"height: 50px;\">\n                          <td class=\"u-align-right u-table-cell u-table-cell-5\">Skrzynia bieg\u00f3w:<\/td>\n                          <td class=\"u-align-left u-table-cell\">Przek\u0142adnia elektryczna <\/td>\n                        <\/tr>\n                        <tr style=\"height: 43px;\">\n                          <td class=\"u-align-right u-table-cell u-table-cell-7\">Pr\u0119dko\u015b\u0107:<\/td>\n                          <td class=\"u-align-left u-table-cell\">0-5,6 km\/h <\/td>\n                        <\/tr>\n                        <tr style=\"height: 25px;\">\n                          <td class=\"u-align-right u-table-cell u-table-cell-9\">Wydajno\u015b\u0107:<\/td>\n                          <td class=\"u-align-left u-table-cell\">365 kg \u0142adowno\u015bci \/ 225 l<\/td>\n                        <\/tr>\n                        <tr style=\"height: 26px;\">\n                          <td class=\"u-align-right u-table-cell u-table-cell-11\">Wska\u017anik poziomu ha\u0142asu:<\/td>\n                          <td class=\"u-align-left u-table-cell\">do 5 dB <\/td>\n                        <\/tr>\n                        <tr style=\"height: 30px;\">\n                          <td class=\"u-align-right u-table-cell u-table-cell-13\">Hamulec postojowy:<\/td>\n                          <td class=\"u-align-left u-table-cell\">Zwalnianie elektromagnetyczne <\/td>\n                        <\/tr>\n                        <tr style=\"height: 27px;\">\n                          <td class=\"u-align-right u-table-cell u-table-cell-15\">Ko\u0142a:<\/td>\n                          <td class=\"u-align-left u-table-cell\">Prz\u00f3d 16x6,50-8, ty\u0142 16x6,50-8 (4-warstwowe trakcyjne) <\/td>\n                        <\/tr>\n                        <tr style=\"height: 43px;\">\n                          <td class=\"u-align-right u-table-cell u-table-cell-17\">Wymiary:<\/td>\n                          <td class=\"u-align-left u-table-cell\">D\u0142. 1917,7 mm x Sz. 774,7 mm x W. 1092,2 mm<\/td>\n                        <\/tr>\n                        <tr style=\"height: 43px;\">\n                          <td class=\"u-align-right u-table-cell u-table-cell-19\">Waga:<\/td>\n                          <td class=\"u-align-left u-table-cell\">Nieza\u0142adowana - 265 kg <\/td>\n                        <\/tr>\n                        <tr style=\"height: 43px;\">\n                          <td class=\"u-align-right u-table-cell u-table-cell-21\">Trakcja:<\/td>\n                          <td class=\"u-align-left u-table-cell\">Nap\u0119d na 4 ko\u0142a <\/td>\n                        <\/tr>\n                        <tr style=\"height: 43px;\">\n                          <td class=\"u-align-right u-table-cell u-table-cell-23\">Czas pracy:&nbsp;<\/td>\n                          <td class=\"u-align-left u-table-cell\">do 4 godzin ci\u0105g\u0142ej pracy&nbsp;<\/td>\n                        <\/tr>\n                        <tr style=\"height: 43px;\">\n                          <td class=\"u-align-right u-table-cell u-table-cell-25\">Czas \u0142adowania:<\/td>\n                          <td class=\"u-align-left u-table-cell\">80% (4 h), 100% (6 h)<\/td>\n                        <\/tr>\n                      <\/tbody>\n                    <\/table>\n                  <\/div>\n                <\/div>\n              <\/div>\n              <div class=\"u-align-justify u-container-style u-layout-cell u-right-cell u-size-23 u-layout-cell-2\">\n                <div class=\"u-container-layout u-container-layout-2\">\n                  <p class=\"u-text u-text-default u-text-1\">Power Barrow 4WD II jest zasilany dwoma akumulatorami 12 V (system 24 V) tak, by wyj\u015bcie mocy do wznoszenia si\u0119 lub przewo\u017cenia materia\u0142\u00f3w odpowiada\u0142o maszynom nap\u0119dzanym przez silnik. <br>\n                    <br>To co wyr\u00f3\u017cnia Power Barrow 4WD II od innych nap\u0119dzanych taczek, to przechy\u0142 elektryczny, co u\u0142atwia opr\u00f3\u017cnianie wywrotki\/miski przez naci\u015bni\u0119cie przycisku. Kierowanie jest kontrolowane przez sworze\u0144 na przednim ko\u0144cu, co dalece u\u0142atwia manewrowanie, za\u015b dwie osie nap\u0119dzaj\u0105 bezpo\u015brednio ko\u0142a (brak po\u0142\u0105cze\u0144 i \u0142a\u0144cuch\u00f3w). <br>\n                    <br>Ponadto, \u0142adowno\u015b\u0107 jest wi\u0119ksza, gdy\u017c jest to wywrotka o obj\u0119to\u015bci 225 l i \u0142adowno\u015bci 365 kg. <br>\n                    <br>Mo\u017ce przewozi\u0107 \u0142adunki do 365 kg - ponad trzy razy tyle, co w zwyk\u0142ych taczkach, i ma takie same mocne strony, jakich oczekujesz od typoszeregu Muck-Truck. \n                  <\/p>\n                <\/div>\n              <\/div>\n            <\/div>\n          <\/div>\n        <\/div>\n      <\/div>\n    <\/section>\n    <section class=\"u-clearfix u-palette-5-base u-section-6\" id=\"sec-2a64\">\n      <div class=\"u-clearfix u-sheet u-valign-middle u-sheet-1\">\n        <h3 class=\"u-align-center u-text u-text-1\">Potrzebujesz wi\u0119cej informacji? Zadzwo\u0144:<br>\n        <\/h3>\n        <h3 class=\"u-align-center u-text u-text-palette-2-base u-text-2\">(+48)&nbsp;95 752 57 80<br>\n        <\/h3>\n      <\/div>\n    <\/section>\n    <section class=\"u-align-center u-clearfix u-container-align-center u-white u-section-7\" id=\"sec-fc10\">\n      <div class=\"u-clearfix u-sheet u-sheet-1\">\n        <h2 class=\"u-align-center u-text u-text-palette-5-base u-text-1\">PIERWSI Z POMYS\u0141EM, PIERWSI Z PROJEKTEM<\/h2>\n        <div class=\"data-layout-selected u-clearfix u-expanded-width u-gutter-0 u-layout-wrap u-layout-wrap-1\">\n          <div class=\"u-gutter-0 u-layout\">\n            <div class=\"u-layout-row\">\n              <div class=\"u-align-center u-container-align-center u-container-style u-layout-cell u-left-cell u-size-15 u-layout-cell-1\">\n                <div class=\"u-container-layout u-valign-top u-container-layout-1\">\n                  <img decoding=\"async\" src=\"https:\/\/muck-truck.pl\/wp-content\/uploads\/2020\/10\/mucktruck_6cu_dumper.jpg\" alt=\"\" class=\"u-expanded-width u-image u-image-contain u-image-default u-image-1\">\n                  <h3 class=\"u-text u-text-palette-2-base u-text-2\">Muck-Truck\u00ae<br>wywrotka\/\u0142y\u017cka<br>250 kg \/ 170 l<br>\n                  <\/h3>\n                  <p class=\"u-text u-text-3\">Oryginalna mini-wywrotka Muck-Truck\u00ae mo\u017ce przewozi\u0107 250 kg\/ 170 l i wznosi\u0107 si\u0119 na pochy\u0142o\u015b\u0107 30\u00ba przy pe\u0142nym za\u0142adowaniu. To prawdziwy ko\u0144 roboczy, kt\u00f3ry zyskuje zaufanie i uznanie na ca\u0142ym \u015bwiecie. W ci\u0105g\u0142ej produkcji od 30 lat.<\/p>\n                  <a href=\"https:\/\/muck-truck.pl\/index.php\/muck-truck\/\" class=\"u-active-palette-2-base u-border-radius-0 u-btn u-btn-rectangle u-button-style u-hover-custom-color-4 u-palette-2-base u-btn-1\">Wi\u0119cej<\/a>\n                <\/div>\n              <\/div>\n              <div class=\"u-align-center-lg u-align-center-md u-align-center-sm u-align-center-xs u-container-style u-layout-cell u-size-15 u-layout-cell-2\">\n                <div class=\"u-container-layout u-valign-top u-container-layout-2\">\n                  <img decoding=\"async\" src=\"https:\/\/muck-truck.pl\/wp-content\/uploads\/2020\/10\/maxtruck.jpg\" alt=\"\" class=\"u-expanded-width u-image u-image-contain u-image-default u-image-2\">\n                  <h3 class=\"u-align-center-xl u-text u-text-palette-2-base u-text-4\">Max-Truck\u00ae<br>wywrotka\/\u0142y\u017cka<br>365 KG \/ 225 L \n                  <\/h3>\n                  <p class=\"u-align-center-xl u-text u-text-5\">Max-Truck&#x2122; jest najpopularniejszym modelem w wypo\u017cyczalniach, u architekt\u00f3w krajobrazu i budowniczych. Max-Truck&#x2122; jest zalecana ze wzgl\u0119d\u00f3w zdrowotnych i bezpiecze\u0144stwa, gdy\u017c zwi\u0119ksza produktywno\u015b\u0107 przy mniejszym zm\u0119czeniu operatora.<\/p>\n                  <a href=\"https:\/\/muck-truck.pl\/index.php\/max-truck\/\" class=\"u-active-palette-2-base u-border-radius-0 u-btn u-btn-rectangle u-button-style u-hover-custom-color-4 u-palette-2-base u-btn-2\">Wi\u0119cej<\/a>\n                <\/div>\n              <\/div>\n              <div class=\"u-align-center-lg u-align-center-xl u-container-style u-layout-cell u-size-15 u-layout-cell-3\">\n                <div class=\"u-container-layout u-valign-bottom-md u-valign-bottom-sm u-valign-bottom-xs u-valign-top-lg u-valign-top-xl u-container-layout-3\">\n                  <img decoding=\"async\" src=\"https:\/\/muck-truck.pl\/wp-content\/uploads\/2020\/10\/hmax.png\" alt=\"\" class=\"u-expanded-width u-image u-image-contain u-image-default u-image-3\">\n                  <h3 class=\"u-align-center-md u-align-center-sm u-align-center-xs u-text u-text-palette-2-base u-text-6\">H-Max&#x2122;<br>wywrotka\/\u0142y\u017cka<br>365 kg \/ 280 l<br>\n                  <\/h3>\n                  <p class=\"u-align-center-md u-align-center-sm u-align-center-xs u-text u-text-7\">H-Max&#x2122; zapewnia \u0142adowno\u015b\u0107 wi\u0119ksz\u0105 o 25% oraz dodatkowo nap\u0119dzany silnikiem przechy\u0142 \"hydrauliczny\" - ponad standard Max-Truck&#x2122;. Zbudowana z dodatkowym wzmocnieniem metalowym - wytrzymalszy dla dodatkowego \u0142adunku.<\/p>\n                  <a href=\"https:\/\/muck-truck.pl\/index.php\/h-max\/\" class=\"u-active-palette-2-base u-border-radius-0 u-btn u-btn-rectangle u-button-style u-hover-custom-color-4 u-palette-2-base u-btn-3\">Wi\u0119cej<\/a>\n                <\/div>\n              <\/div>\n              <div class=\"u-align-center-lg u-align-center-md u-align-center-xl u-container-style u-layout-cell u-right-cell u-size-15 u-layout-cell-4\">\n                <div class=\"u-container-layout u-valign-top-lg u-valign-top-md u-valign-top-xl u-container-layout-4\">\n                  <img decoding=\"async\" class=\"u-expanded-width u-image u-image-contain u-image-default u-image-4\" src=\"https:\/\/muck-truck.pl\/wp-content\/uploads\/2025\/03\/PB4WD-II-Side_298cd179dd39b053bc274b01f2569d63.png\" alt=\"\" data-image-width=\"800\" data-image-height=\"600\">\n                  <h3 class=\"u-align-center-sm u-align-center-xs u-text u-text-palette-2-base u-text-8\">Power Barrow 4WD II<br>365 kg\n                  <\/h3>\n                  <p class=\"u-align-center-sm u-align-center-xs u-text u-text-9\">Nowa taczka z elektrycznym nap\u0119dem 4WD to najnowszy wynalazek Muck-Truck, kt\u00f3ry cechuje si\u0119 nap\u0119dem na cztery ko\u0142a, co czyni j\u0105 \u0142atw\u0105 w manewrowaniu, za\u015b miska przechyla si\u0119 automatycznie dotkni\u0119ciem przycisku.<\/p>\n                  <a href=\"https:\/\/muck-truck.pl\/index.php\/power-barrow-4wd-ii\/\" class=\"u-active-palette-2-base u-border-radius-0 u-btn u-btn-rectangle u-button-style u-hover-custom-color-4 u-palette-2-base u-btn-4\">Wi\u0119cej<\/a>\n                <\/div>\n              <\/div>\n            <\/div>\n          <\/div>\n        <\/div>\n      <\/div>\n    <\/section>\n    \n    \n    \n    \n  \n","protected":false},"excerpt":{"rendered":"<p>pOWER BARROW 4WD ii&nbsp; 365 KG SKRZYNIA \u0141ADUNKOWA\/\u0141Y\u017bKA&nbsp; Zasilana akumulatorowo Opis Nowy elektryczny Power Barrow 4WD II to najnowszy wynalazek Muck-Truck, kt\u00f3ry cechuje si\u0119 nap\u0119dem na cztery ko\u0142a, co czyni j\u0105 \u0142atw\u0105 w manewrowaniu, za\u015b miska przechyla si\u0119 automatycznie dotkni\u0119ciem przycisku. Ta nowa cecha zmniejsza wysi\u0142ek fizyczny i bezpiecze\u0144stwo pracownika. Mo\u017ce przewozi\u0107 365 kg 225 &hellip; <a href=\"https:\/\/muck-truck.pl\/index.php\/power-barrow-4wd-ii\/\" class=\"more-link\">Continue reading<span class=\"screen-reader-text\"> &#8222;Power Barrow 4WD II&#8221;<\/span><\/a><\/p>\n","protected":false},"author":1,"featured_media":0,"parent":0,"menu_order":2,"comment_status":"closed","ping_status":"closed","template":"","meta":{"footnotes":""},"class_list":["post-74","page","type-page","status-publish","hentry"],"_links":{"self":[{"href":"https:\/\/muck-truck.pl\/index.php\/wp-json\/wp\/v2\/pages\/74","targetHints":{"allow":["GET"]}}],"collection":[{"href":"https:\/\/muck-truck.pl\/index.php\/wp-json\/wp\/v2\/pages"}],"about":[{"href":"https:\/\/muck-truck.pl\/index.php\/wp-json\/wp\/v2\/types\/page"}],"author":[{"embeddable":true,"href":"https:\/\/muck-truck.pl\/index.php\/wp-json\/wp\/v2\/users\/1"}],"replies":[{"embeddable":true,"href":"https:\/\/muck-truck.pl\/index.php\/wp-json\/wp\/v2\/comments?post=74"}],"version-history":[{"count":9,"href":"https:\/\/muck-truck.pl\/index.php\/wp-json\/wp\/v2\/pages\/74\/revisions"}],"predecessor-version":[{"id":2088,"href":"https:\/\/muck-truck.pl\/index.php\/wp-json\/wp\/v2\/pages\/74\/revisions\/2088"}],"wp:attachment":[{"href":"https:\/\/muck-truck.pl\/index.php\/wp-json\/wp\/v2\/media?parent=74"}],"curies":[{"name":"wp","href":"https:\/\/api.w.org\/{rel}","templated":true}]}}